{"id":33,"date":"2023-12-29T14:00:47","date_gmt":"2023-12-29T13:00:47","guid":{"rendered":"https:\/\/regina-kolobrzeg.pl\/?page_id=33"},"modified":"2024-01-09T12:37:58","modified_gmt":"2024-01-09T11:37:58","slug":"uslugi","status":"publish","type":"page","link":"https:\/\/regina-kolobrzeg.pl\/?page_id=33","title":{"rendered":"Us\u0142ugi"},"content":{"rendered":"\n<p><\/p>\n\n\n\n<p class=\"has-text-align-center has-medium-font-size\">Oferujemy kompleksowe us\u0142ugi pogrzebowe w tym:<\/p>\n\n\n\n<p class=\"has-medium-font-size\"><\/p>\n\n\n\n<div class=\"wp-block-columns is-layout-flex wp-container-core-columns-is-layout-9d6595d7 wp-block-columns-is-layout-flex\">\n<div class=\"wp-block-column is-layout-flow wp-block-column-is-layout-flow\">\n<figure class=\"wp-block-image size-large is-resized\"><img fetchpriority=\"high\" decoding=\"async\" width=\"696\" height=\"1024\" src=\"https:\/\/regina-kolobrzeg.pl\/wp-content\/uploads\/2024\/01\/413961334_1134324488010141_3742364041674444310_n-696x1024.jpg\" alt=\"\" class=\"wp-image-536\" style=\"width:322px;height:auto\" srcset=\"https:\/\/regina-kolobrzeg.pl\/wp-content\/uploads\/2024\/01\/413961334_1134324488010141_3742364041674444310_n-696x1024.jpg 696w, https:\/\/regina-kolobrzeg.pl\/wp-content\/uploads\/2024\/01\/413961334_1134324488010141_3742364041674444310_n-204x300.jpg 204w, https:\/\/regina-kolobrzeg.pl\/wp-content\/uploads\/2024\/01\/413961334_1134324488010141_3742364041674444310_n-768x1130.jpg 768w, https:\/\/regina-kolobrzeg.pl\/wp-content\/uploads\/2024\/01\/413961334_1134324488010141_3742364041674444310_n-1044x1536.jpg 1044w, https:\/\/regina-kolobrzeg.pl\/wp-content\/uploads\/2024\/01\/413961334_1134324488010141_3742364041674444310_n.jpg 1392w\" sizes=\"(max-width: 696px) 100vw, 696px\" \/><\/figure>\n<\/div>\n\n\n\n<div class=\"wp-block-column is-layout-flow wp-block-column-is-layout-flow\">\n<ul class=\"wp-block-list\">\n<li class=\"has-medium-font-size\">przygotowanie i obs\u0142uga ceremonii wyznaniowych i \u015bwieckich<\/li>\n\n\n\n<li class=\"has-medium-font-size\">transport zmar\u0142ych krajowy i zagraniczny<\/li>\n\n\n\n<li class=\"has-medium-font-size\">zabezpieczenie os\u00f3b zmar\u0142ych<\/li>\n\n\n\n<li class=\"has-medium-font-size\">kompleksowe przygotowanie, higiena i ubieranie zmar\u0142ych<\/li>\n\n\n\n<li class=\"has-medium-font-size\">pomoc i po\u015brednictwo w uzyskaniu zasi\u0142ku pogrzebowego<\/li>\n\n\n\n<li class=\"has-medium-font-size\">kremacje<\/li>\n\n\n\n<li class=\"has-medium-font-size\">ekshumacje<\/li>\n\n\n\n<li class=\"has-medium-font-size\">trumny<\/li>\n\n\n\n<li class=\"has-medium-font-size\">urny<\/li>\n\n\n\n<li class=\"has-medium-font-size\">krzy\u017ce<\/li>\n\n\n\n<li class=\"has-medium-font-size\">tabliczki<\/li>\n\n\n\n<li class=\"has-medium-font-size\">obudowy<\/li>\n\n\n\n<li class=\"has-medium-font-size\">oprawa muzyczna<\/li>\n\n\n\n<li class=\"has-medium-font-size\">kwiaty<\/li>\n<\/ul>\n<\/div>\n<\/div>\n\n\n\n<div class=\"wp-block-columns is-layout-flex wp-container-core-columns-is-layout-9d6595d7 wp-block-columns-is-layout-flex\">\n<div class=\"wp-block-column is-layout-flow wp-block-column-is-layout-flow\"><\/div>\n\n\n\n<div class=\"wp-block-column is-layout-flow wp-block-column-is-layout-flow\"><\/div>\n<\/div>\n","protected":false},"excerpt":{"rendered":"<p>Oferujemy kompleksowe us\u0142ugi pogrzebowe w tym:<\/p>\n","protected":false},"author":1,"featured_media":0,"parent":0,"menu_order":0,"comment_status":"closed","ping_status":"closed","template":"","meta":{"footnotes":""},"class_list":["post-33","page","type-page","status-publish","hentry"],"yoast_head":"<!-- This site is optimized with the Yoast SEO plugin v21.7 - https:\/\/yoast.com\/wordpress\/plugins\/seo\/ -->\n<title>Us\u0142ugi - Zak\u0142ad Pogrzebowy &quot;Regina&quot; Ko\u0142obrzeg tel. 94 35 547 29<\/title>\n<meta name=\"robots\" content=\"index, follow, max-snippet:-1, max-image-preview:large, max-video-preview:-1\" \/>\n<link rel=\"canonical\" href=\"https:\/\/regina-kolobrzeg.pl\/?page_id=33\" \/>\n<meta property=\"og:locale\" content=\"pl_PL\" \/>\n<meta property=\"og:type\" content=\"article\" \/>\n<meta property=\"og:title\" content=\"Us\u0142ugi - Zak\u0142ad Pogrzebowy &quot;Regina&quot; Ko\u0142obrzeg tel. 94 35 547 29\" \/>\n<meta property=\"og:description\" content=\"Oferujemy kompleksowe us\u0142ugi pogrzebowe w tym:\" \/>\n<meta property=\"og:url\" content=\"https:\/\/regina-kolobrzeg.pl\/?page_id=33\" \/>\n<meta property=\"og:site_name\" content=\"Zak\u0142ad Pogrzebowy &quot;Regina&quot; Ko\u0142obrzeg tel. 94 35 547 29\" \/>\n<meta property=\"article:modified_time\" content=\"2024-01-09T11:37:58+00:00\" \/>\n<meta property=\"og:image\" content=\"https:\/\/regina-kolobrzeg.pl\/wp-content\/uploads\/2024\/01\/413961334_1134324488010141_3742364041674444310_n-696x1024.jpg\" \/>\n<meta name=\"twitter:card\" content=\"summary_large_image\" \/>\n<meta name=\"twitter:label1\" content=\"Szacowany czas czytania\" \/>\n\t<meta name=\"twitter:data1\" content=\"1 minuta\" \/>\n<script type=\"application\/ld+json\" class=\"yoast-schema-graph\">{\"@context\":\"https:\/\/schema.org\",\"@graph\":[{\"@type\":\"WebPage\",\"@id\":\"https:\/\/regina-kolobrzeg.pl\/?page_id=33\",\"url\":\"https:\/\/regina-kolobrzeg.pl\/?page_id=33\",\"name\":\"Us\u0142ugi - Zak\u0142ad Pogrzebowy &quot;Regina&quot; Ko\u0142obrzeg tel. 94 35 547 29\",\"isPartOf\":{\"@id\":\"https:\/\/regina-kolobrzeg.pl\/#website\"},\"datePublished\":\"2023-12-29T13:00:47+00:00\",\"dateModified\":\"2024-01-09T11:37:58+00:00\",\"breadcrumb\":{\"@id\":\"https:\/\/regina-kolobrzeg.pl\/?page_id=33#breadcrumb\"},\"inLanguage\":\"pl-PL\",\"potentialAction\":[{\"@type\":\"ReadAction\",\"target\":[\"https:\/\/regina-kolobrzeg.pl\/?page_id=33\"]}]},{\"@type\":\"BreadcrumbList\",\"@id\":\"https:\/\/regina-kolobrzeg.pl\/?page_id=33#breadcrumb\",\"itemListElement\":[{\"@type\":\"ListItem\",\"position\":1,\"name\":\"Home\",\"item\":\"https:\/\/regina-kolobrzeg.pl\/\"},{\"@type\":\"ListItem\",\"position\":2,\"name\":\"Us\u0142ugi\"}]},{\"@type\":\"WebSite\",\"@id\":\"https:\/\/regina-kolobrzeg.pl\/#website\",\"url\":\"https:\/\/regina-kolobrzeg.pl\/\",\"name\":\"Zak\u0142ad Pogrzebowy &quot;Regina&quot; Ko\u0142obrzeg tel. 94 35 547 29\",\"description\":\"\",\"potentialAction\":[{\"@type\":\"SearchAction\",\"target\":{\"@type\":\"EntryPoint\",\"urlTemplate\":\"https:\/\/regina-kolobrzeg.pl\/?s={search_term_string}\"},\"query-input\":\"required name=search_term_string\"}],\"inLanguage\":\"pl-PL\"}]}<\/script>\n<!-- \/ Yoast SEO plugin. -->","yoast_head_json":{"title":"Us\u0142ugi - Zak\u0142ad Pogrzebowy &quot;Regina&quot; Ko\u0142obrzeg tel. 94 35 547 29","robots":{"index":"index","follow":"follow","max-snippet":"max-snippet:-1","max-image-preview":"max-image-preview:large","max-video-preview":"max-video-preview:-1"},"canonical":"https:\/\/regina-kolobrzeg.pl\/?page_id=33","og_locale":"pl_PL","og_type":"article","og_title":"Us\u0142ugi - Zak\u0142ad Pogrzebowy &quot;Regina&quot; Ko\u0142obrzeg tel. 94 35 547 29","og_description":"Oferujemy kompleksowe us\u0142ugi pogrzebowe w tym:","og_url":"https:\/\/regina-kolobrzeg.pl\/?page_id=33","og_site_name":"Zak\u0142ad Pogrzebowy &quot;Regina&quot; Ko\u0142obrzeg tel. 94 35 547 29","article_modified_time":"2024-01-09T11:37:58+00:00","og_image":[{"url":"https:\/\/regina-kolobrzeg.pl\/wp-content\/uploads\/2024\/01\/413961334_1134324488010141_3742364041674444310_n-696x1024.jpg"}],"twitter_card":"summary_large_image","twitter_misc":{"Szacowany czas czytania":"1 minuta"},"schema":{"@context":"https:\/\/schema.org","@graph":[{"@type":"WebPage","@id":"https:\/\/regina-kolobrzeg.pl\/?page_id=33","url":"https:\/\/regina-kolobrzeg.pl\/?page_id=33","name":"Us\u0142ugi - Zak\u0142ad Pogrzebowy &quot;Regina&quot; Ko\u0142obrzeg tel. 94 35 547 29","isPartOf":{"@id":"https:\/\/regina-kolobrzeg.pl\/#website"},"datePublished":"2023-12-29T13:00:47+00:00","dateModified":"2024-01-09T11:37:58+00:00","breadcrumb":{"@id":"https:\/\/regina-kolobrzeg.pl\/?page_id=33#breadcrumb"},"inLanguage":"pl-PL","potentialAction":[{"@type":"ReadAction","target":["https:\/\/regina-kolobrzeg.pl\/?page_id=33"]}]},{"@type":"BreadcrumbList","@id":"https:\/\/regina-kolobrzeg.pl\/?page_id=33#breadcrumb","itemListElement":[{"@type":"ListItem","position":1,"name":"Home","item":"https:\/\/regina-kolobrzeg.pl\/"},{"@type":"ListItem","position":2,"name":"Us\u0142ugi"}]},{"@type":"WebSite","@id":"https:\/\/regina-kolobrzeg.pl\/#website","url":"https:\/\/regina-kolobrzeg.pl\/","name":"Zak\u0142ad Pogrzebowy &quot;Regina&quot; Ko\u0142obrzeg tel. 94 35 547 29","description":"","potentialAction":[{"@type":"SearchAction","target":{"@type":"EntryPoint","urlTemplate":"https:\/\/regina-kolobrzeg.pl\/?s={search_term_string}"},"query-input":"required name=search_term_string"}],"inLanguage":"pl-PL"}]}},"_links":{"self":[{"href":"https:\/\/regina-kolobrzeg.pl\/index.php?rest_route=\/wp\/v2\/pages\/33","targetHints":{"allow":["GET"]}}],"collection":[{"href":"https:\/\/regina-kolobrzeg.pl\/index.php?rest_route=\/wp\/v2\/pages"}],"about":[{"href":"https:\/\/regina-kolobrzeg.pl\/index.php?rest_route=\/wp\/v2\/types\/page"}],"author":[{"embeddable":true,"href":"https:\/\/regina-kolobrzeg.pl\/index.php?rest_route=\/wp\/v2\/users\/1"}],"replies":[{"embeddable":true,"href":"https:\/\/regina-kolobrzeg.pl\/index.php?rest_route=%2Fwp%2Fv2%2Fcomments&post=33"}],"version-history":[{"count":7,"href":"https:\/\/regina-kolobrzeg.pl\/index.php?rest_route=\/wp\/v2\/pages\/33\/revisions"}],"predecessor-version":[{"id":686,"href":"https:\/\/regina-kolobrzeg.pl\/index.php?rest_route=\/wp\/v2\/pages\/33\/revisions\/686"}],"wp:attachment":[{"href":"https:\/\/regina-kolobrzeg.pl\/index.php?rest_route=%2Fwp%2Fv2%2Fmedia&parent=33"}],"curies":[{"name":"wp","href":"https:\/\/api.w.org\/{rel}","templated":true}]}}